{"id":69,"date":"2023-10-11T12:08:25","date_gmt":"2023-10-11T10:08:25","guid":{"rendered":"https:\/\/institut-iperia.fr\/blog\/?page_id=69"},"modified":"2026-03-30T01:53:15","modified_gmt":"2026-03-29T23:53:15","slug":"lequipe","status":"publish","type":"page","link":"https:\/\/institut-iperia.fr\/blog\/lequipe\/","title":{"rendered":"L&rsquo;\u00e9quipe &#038; \u00c9dito"},"content":{"rendered":"<p><span style=\"font-weight: 400;\">L&rsquo;Institut Iperia est votre r\u00e9f\u00e9rence pour les soins beaut\u00e9 naturels, les techniques d&rsquo;aromath\u00e9rapie, les soins du visage et les th\u00e9rapies bien-\u00eatre. Nous accompagnons les passionn\u00e9s de beaut\u00e9 \u2014 professionnels en formation et particuliers curieux \u2014 dans la d\u00e9couverte des soins holistiques qui unissent efficacit\u00e9 cosm\u00e9tique et respect du corps. <\/span><span style=\"font-weight: 400;\">Notre \u00e9quipe rassemble des esth\u00e9ticiennes dipl\u00f4m\u00e9es, des aromath\u00e9rapeutes certifi\u00e9es, des cosm\u00e9ticiens et des r\u00e9dacteurs sp\u00e9cialis\u00e9s en beaut\u00e9 naturelle et bien-\u00eatre holistique.<\/span><\/p>\n","protected":false},"excerpt":{"rendered":"","protected":false},"author":34,"featured_media":0,"parent":0,"menu_order":0,"comment_status":"closed","ping_status":"closed","template":"","meta":{"_acf_changed":false,"manual_indexmenow":false,"indexmenow_id_project":0,"footnotes":""},"class_list":["post-69","page","type-page","status-publish"],"acf":[],"yoast_head":"<!-- This site is optimized with the Yoast SEO Premium plugin v21.3 (Yoast SEO v25.6) - https:\/\/yoast.com\/wordpress\/plugins\/seo\/ -->\n<title>L&#039;\u00e9quipe &amp; \u00c9dito<\/title>\n<meta name=\"description\" content=\"L&#039;Institut Iperia est votre r\u00e9f\u00e9rence pour les soins beaut\u00e9 naturels, les techniques d&#039;aromath\u00e9rapie, les soins du visage et les th\u00e9rapies bien-\u00eatre. Nous\" \/>\n<meta name=\"robots\" content=\"index, follow, max-snippet:-1, max-image-preview:large, max-video-preview:-1\" \/>\n<link rel=\"canonical\" href=\"https:\/\/institut-iperia.fr\/blog\/lequipe\/\" \/>\n<meta property=\"og:locale\" content=\"fr_FR\" \/>\n<meta property=\"og:type\" content=\"article\" \/>\n<meta property=\"og:title\" content=\"L&#039;\u00e9quipe &amp; \u00c9dito\" \/>\n<meta property=\"og:description\" content=\"L&#039;Institut Iperia est votre r\u00e9f\u00e9rence pour les soins beaut\u00e9 naturels, les techniques d&#039;aromath\u00e9rapie, les soins du visage et les th\u00e9rapies bien-\u00eatre. Nous\" \/>\n<meta property=\"og:url\" content=\"https:\/\/institut-iperia.fr\/blog\/lequipe\/\" \/>\n<meta property=\"og:site_name\" content=\"institut-iperia\" \/>\n<meta name=\"twitter:card\" content=\"summary_large_image\" \/>\n<script type=\"application\/ld+json\" class=\"yoast-schema-graph\">{\"@context\":\"https:\/\/schema.org\",\"@graph\":[{\"@type\":\"WebPage\",\"@id\":\"https:\/\/institut-iperia.fr\/blog\/lequipe\/\",\"url\":\"https:\/\/institut-iperia.fr\/blog\/lequipe\/\",\"name\":\"L'\u00e9quipe & \u00c9dito\",\"isPartOf\":{\"@id\":\"https:\/\/institut-iperia.fr\/blog\/#website\"},\"datePublished\":\"2023-10-11T10:08:25+00:00\",\"dateModified\":\"2026-03-29T23:53:15+00:00\",\"description\":\"L'Institut Iperia est votre r\u00e9f\u00e9rence pour les soins beaut\u00e9 naturels, les techniques d'aromath\u00e9rapie, les soins du visage et les th\u00e9rapies bien-\u00eatre. Nous\",\"inLanguage\":\"fr-FR\",\"potentialAction\":[{\"@type\":\"ReadAction\",\"target\":[\"https:\/\/institut-iperia.fr\/blog\/lequipe\/\"]}]},{\"@type\":\"WebSite\",\"@id\":\"https:\/\/institut-iperia.fr\/blog\/#website\",\"url\":\"https:\/\/institut-iperia.fr\/blog\/\",\"name\":\"institut-iperia.fr\",\"description\":\"Institut Iperia, l&#039;excellence en formation et d\u00e9veloppement\",\"publisher\":{\"@id\":\"https:\/\/institut-iperia.fr\/blog\/#organization\"},\"alternateName\":\"Institut Iperia, l'excellence en formation et d\u00e9veloppement\",\"potentialAction\":[{\"@type\":\"SearchAction\",\"target\":{\"@type\":\"EntryPoint\",\"urlTemplate\":\"https:\/\/institut-iperia.fr\/blog\/?s={search_term_string}\"},\"query-input\":{\"@type\":\"PropertyValueSpecification\",\"valueRequired\":true,\"valueName\":\"search_term_string\"}}],\"inLanguage\":\"fr-FR\"},{\"@type\":\"Organization\",\"@id\":\"https:\/\/institut-iperia.fr\/blog\/#organization\",\"name\":\"Foretsensations.fr\",\"url\":\"https:\/\/institut-iperia.fr\/blog\/\",\"logo\":{\"@type\":\"ImageObject\",\"inLanguage\":\"fr-FR\",\"@id\":\"https:\/\/institut-iperia.fr\/blog\/#\/schema\/logo\/image\/\",\"url\":\"https:\/\/institut-iperia.fr\/blog\/wp-content\/uploads\/2024\/12\/Institut-Iperia.png\",\"contentUrl\":\"https:\/\/institut-iperia.fr\/blog\/wp-content\/uploads\/2024\/12\/Institut-Iperia.png\",\"width\":500,\"height\":500,\"caption\":\"Foretsensations.fr\"},\"image\":{\"@id\":\"https:\/\/institut-iperia.fr\/blog\/#\/schema\/logo\/image\/\"}}]}<\/script>\n<!-- \/ Yoast SEO Premium plugin. -->","yoast_head_json":{"title":"L'\u00e9quipe & \u00c9dito","description":"L'Institut Iperia est votre r\u00e9f\u00e9rence pour les soins beaut\u00e9 naturels, les techniques d'aromath\u00e9rapie, les soins du visage et les th\u00e9rapies bien-\u00eatre. Nous","robots":{"index":"index","follow":"follow","max-snippet":"max-snippet:-1","max-image-preview":"max-image-preview:large","max-video-preview":"max-video-preview:-1"},"canonical":"https:\/\/institut-iperia.fr\/blog\/lequipe\/","og_locale":"fr_FR","og_type":"article","og_title":"L'\u00e9quipe & \u00c9dito","og_description":"L'Institut Iperia est votre r\u00e9f\u00e9rence pour les soins beaut\u00e9 naturels, les techniques d'aromath\u00e9rapie, les soins du visage et les th\u00e9rapies bien-\u00eatre. Nous","og_url":"https:\/\/institut-iperia.fr\/blog\/lequipe\/","og_site_name":"institut-iperia","twitter_card":"summary_large_image","schema":{"@context":"https:\/\/schema.org","@graph":[{"@type":"WebPage","@id":"https:\/\/institut-iperia.fr\/blog\/lequipe\/","url":"https:\/\/institut-iperia.fr\/blog\/lequipe\/","name":"L'\u00e9quipe & \u00c9dito","isPartOf":{"@id":"https:\/\/institut-iperia.fr\/blog\/#website"},"datePublished":"2023-10-11T10:08:25+00:00","dateModified":"2026-03-29T23:53:15+00:00","description":"L'Institut Iperia est votre r\u00e9f\u00e9rence pour les soins beaut\u00e9 naturels, les techniques d'aromath\u00e9rapie, les soins du visage et les th\u00e9rapies bien-\u00eatre. Nous","inLanguage":"fr-FR","potentialAction":[{"@type":"ReadAction","target":["https:\/\/institut-iperia.fr\/blog\/lequipe\/"]}]},{"@type":"WebSite","@id":"https:\/\/institut-iperia.fr\/blog\/#website","url":"https:\/\/institut-iperia.fr\/blog\/","name":"institut-iperia.fr","description":"Institut Iperia, l&#039;excellence en formation et d\u00e9veloppement","publisher":{"@id":"https:\/\/institut-iperia.fr\/blog\/#organization"},"alternateName":"Institut Iperia, l'excellence en formation et d\u00e9veloppement","potentialAction":[{"@type":"SearchAction","target":{"@type":"EntryPoint","urlTemplate":"https:\/\/institut-iperia.fr\/blog\/?s={search_term_string}"},"query-input":{"@type":"PropertyValueSpecification","valueRequired":true,"valueName":"search_term_string"}}],"inLanguage":"fr-FR"},{"@type":"Organization","@id":"https:\/\/institut-iperia.fr\/blog\/#organization","name":"Foretsensations.fr","url":"https:\/\/institut-iperia.fr\/blog\/","logo":{"@type":"ImageObject","inLanguage":"fr-FR","@id":"https:\/\/institut-iperia.fr\/blog\/#\/schema\/logo\/image\/","url":"https:\/\/institut-iperia.fr\/blog\/wp-content\/uploads\/2024\/12\/Institut-Iperia.png","contentUrl":"https:\/\/institut-iperia.fr\/blog\/wp-content\/uploads\/2024\/12\/Institut-Iperia.png","width":500,"height":500,"caption":"Foretsensations.fr"},"image":{"@id":"https:\/\/institut-iperia.fr\/blog\/#\/schema\/logo\/image\/"}}]}},"_links":{"self":[{"href":"https:\/\/institut-iperia.fr\/blog\/wp-json\/wp\/v2\/pages\/69","targetHints":{"allow":["GET"]}}],"collection":[{"href":"https:\/\/institut-iperia.fr\/blog\/wp-json\/wp\/v2\/pages"}],"about":[{"href":"https:\/\/institut-iperia.fr\/blog\/wp-json\/wp\/v2\/types\/page"}],"author":[{"embeddable":true,"href":"https:\/\/institut-iperia.fr\/blog\/wp-json\/wp\/v2\/users\/34"}],"replies":[{"embeddable":true,"href":"https:\/\/institut-iperia.fr\/blog\/wp-json\/wp\/v2\/comments?post=69"}],"version-history":[{"count":35,"href":"https:\/\/institut-iperia.fr\/blog\/wp-json\/wp\/v2\/pages\/69\/revisions"}],"predecessor-version":[{"id":7518,"href":"https:\/\/institut-iperia.fr\/blog\/wp-json\/wp\/v2\/pages\/69\/revisions\/7518"}],"wp:attachment":[{"href":"https:\/\/institut-iperia.fr\/blog\/wp-json\/wp\/v2\/media?parent=69"}],"curies":[{"name":"wp","href":"https:\/\/api.w.org\/{rel}","templated":true}]}}